{"id":149,"date":"2021-04-19T00:00:54","date_gmt":"2021-04-18T22:00:54","guid":{"rendered":"http:\/\/ciqriveneuve.fr\/?page_id=149"},"modified":"2026-01-26T19:45:10","modified_gmt":"2026-01-26T18:45:10","slug":"statuts-et-reglement-interieur","status":"publish","type":"page","link":"https:\/\/ciqriveneuve.fr\/?page_id=149","title":{"rendered":"Documents"},"content":{"rendered":"\n<p><a href=\"http:\/\/ciqriveneuve.fr\/wp-content\/uploads\/2021\/05\/Statuts-du-26-avril-2021-signe.pdf\" target=\"_blank\" rel=\"noreferrer noopener\">Statuts du 26 avril 2021<\/a><\/p>\n\n\n\n<p><a href=\"http:\/\/ciqriveneuve.fr\/wp-content\/uploads\/2023\/01\/CR-AG-publique-decembre-2022.pdf\" target=\"_blank\" rel=\"noreferrer noopener\">Compte rendu AG publique du 5 d\u00e9cembre 2022<\/a><\/p>\n\n\n\n<p><a href=\"http:\/\/ciqriveneuve.fr\/wp-content\/uploads\/2026\/01\/TrameCirculatoire4sept.pdf\">Trame circulatoire &#8211; Projet Tramway<\/a><\/p>\n\n\n\n<p><\/p>\n","protected":false},"excerpt":{"rendered":"<p>Statuts du 26 avril 2021 Compte rendu AG publique du 5 d\u00e9cembre 2022 Trame circulatoire &#8211; Projet Tramway<\/p>\n","protected":false},"author":1,"featured_media":0,"parent":0,"menu_order":1,"comment_status":"closed","ping_status":"closed","template":"template-parts\/template-page-full-width.php","meta":{"footnotes":""},"class_list":["post-149","page","type-page","status-publish","hentry"],"yoast_head":"<!-- This site is optimized with the Yoast SEO plugin v24.2 - https:\/\/yoast.com\/wordpress\/plugins\/seo\/ -->\n<title>Documents - C.I.Q. Rive-Neuve<\/title>\n<meta name=\"robots\" content=\"index, follow, max-snippet:-1, max-image-preview:large, max-video-preview:-1\" \/>\n<link rel=\"canonical\" href=\"https:\/\/ciqriveneuve.fr\/?page_id=149\" \/>\n<meta property=\"og:locale\" content=\"fr_FR\" \/>\n<meta property=\"og:type\" content=\"article\" \/>\n<meta property=\"og:title\" content=\"Documents - C.I.Q. Rive-Neuve\" \/>\n<meta property=\"og:description\" content=\"Statuts du 26 avril 2021 Compte rendu AG publique du 5 d\u00e9cembre 2022 Trame circulatoire &#8211; Projet Tramway\" \/>\n<meta property=\"og:url\" content=\"https:\/\/ciqriveneuve.fr\/?page_id=149\" \/>\n<meta property=\"og:site_name\" content=\"C.I.Q. Rive-Neuve\" \/>\n<meta property=\"article:modified_time\" content=\"2026-01-26T18:45:10+00:00\" \/>\n<meta name=\"twitter:card\" content=\"summary_large_image\" \/>\n<meta name=\"twitter:label1\" content=\"Dur\u00e9e de lecture estim\u00e9e\" \/>\n\t<meta name=\"twitter:data1\" content=\"1 minute\" \/>\n<script type=\"application\/ld+json\" class=\"yoast-schema-graph\">{\"@context\":\"https:\/\/schema.org\",\"@graph\":[{\"@type\":\"WebPage\",\"@id\":\"https:\/\/ciqriveneuve.fr\/?page_id=149\",\"url\":\"https:\/\/ciqriveneuve.fr\/?page_id=149\",\"name\":\"Documents - C.I.Q. Rive-Neuve\",\"isPartOf\":{\"@id\":\"https:\/\/ciqriveneuve.fr\/#website\"},\"datePublished\":\"2021-04-18T22:00:54+00:00\",\"dateModified\":\"2026-01-26T18:45:10+00:00\",\"breadcrumb\":{\"@id\":\"https:\/\/ciqriveneuve.fr\/?page_id=149#breadcrumb\"},\"inLanguage\":\"fr-FR\",\"potentialAction\":[{\"@type\":\"ReadAction\",\"target\":[\"https:\/\/ciqriveneuve.fr\/?page_id=149\"]}]},{\"@type\":\"BreadcrumbList\",\"@id\":\"https:\/\/ciqriveneuve.fr\/?page_id=149#breadcrumb\",\"itemListElement\":[{\"@type\":\"ListItem\",\"position\":1,\"name\":\"Accueil\",\"item\":\"https:\/\/ciqriveneuve.fr\/\"},{\"@type\":\"ListItem\",\"position\":2,\"name\":\"Documents\"}]},{\"@type\":\"WebSite\",\"@id\":\"https:\/\/ciqriveneuve.fr\/#website\",\"url\":\"https:\/\/ciqriveneuve.fr\/\",\"name\":\"C.I.Q. Rive-Neuve\",\"description\":\"Votre Comit\u00e9 d&#039;Int\u00e9r\u00eat de Quartier\",\"potentialAction\":[{\"@type\":\"SearchAction\",\"target\":{\"@type\":\"EntryPoint\",\"urlTemplate\":\"https:\/\/ciqriveneuve.fr\/?s={search_term_string}\"},\"query-input\":{\"@type\":\"PropertyValueSpecification\",\"valueRequired\":true,\"valueName\":\"search_term_string\"}}],\"inLanguage\":\"fr-FR\"}]}<\/script>\n<!-- \/ Yoast SEO plugin. -->","yoast_head_json":{"title":"Documents - C.I.Q. Rive-Neuve","robots":{"index":"index","follow":"follow","max-snippet":"max-snippet:-1","max-image-preview":"max-image-preview:large","max-video-preview":"max-video-preview:-1"},"canonical":"https:\/\/ciqriveneuve.fr\/?page_id=149","og_locale":"fr_FR","og_type":"article","og_title":"Documents - C.I.Q. Rive-Neuve","og_description":"Statuts du 26 avril 2021 Compte rendu AG publique du 5 d\u00e9cembre 2022 Trame circulatoire &#8211; Projet Tramway","og_url":"https:\/\/ciqriveneuve.fr\/?page_id=149","og_site_name":"C.I.Q. Rive-Neuve","article_modified_time":"2026-01-26T18:45:10+00:00","twitter_card":"summary_large_image","twitter_misc":{"Dur\u00e9e de lecture estim\u00e9e":"1 minute"},"schema":{"@context":"https:\/\/schema.org","@graph":[{"@type":"WebPage","@id":"https:\/\/ciqriveneuve.fr\/?page_id=149","url":"https:\/\/ciqriveneuve.fr\/?page_id=149","name":"Documents - C.I.Q. Rive-Neuve","isPartOf":{"@id":"https:\/\/ciqriveneuve.fr\/#website"},"datePublished":"2021-04-18T22:00:54+00:00","dateModified":"2026-01-26T18:45:10+00:00","breadcrumb":{"@id":"https:\/\/ciqriveneuve.fr\/?page_id=149#breadcrumb"},"inLanguage":"fr-FR","potentialAction":[{"@type":"ReadAction","target":["https:\/\/ciqriveneuve.fr\/?page_id=149"]}]},{"@type":"BreadcrumbList","@id":"https:\/\/ciqriveneuve.fr\/?page_id=149#breadcrumb","itemListElement":[{"@type":"ListItem","position":1,"name":"Accueil","item":"https:\/\/ciqriveneuve.fr\/"},{"@type":"ListItem","position":2,"name":"Documents"}]},{"@type":"WebSite","@id":"https:\/\/ciqriveneuve.fr\/#website","url":"https:\/\/ciqriveneuve.fr\/","name":"C.I.Q. Rive-Neuve","description":"Votre Comit\u00e9 d&#039;Int\u00e9r\u00eat de Quartier","potentialAction":[{"@type":"SearchAction","target":{"@type":"EntryPoint","urlTemplate":"https:\/\/ciqriveneuve.fr\/?s={search_term_string}"},"query-input":{"@type":"PropertyValueSpecification","valueRequired":true,"valueName":"search_term_string"}}],"inLanguage":"fr-FR"}]}},"_links":{"self":[{"href":"https:\/\/ciqriveneuve.fr\/index.php?rest_route=\/wp\/v2\/pages\/149","targetHints":{"allow":["GET"]}}],"collection":[{"href":"https:\/\/ciqriveneuve.fr\/index.php?rest_route=\/wp\/v2\/pages"}],"about":[{"href":"https:\/\/ciqriveneuve.fr\/index.php?rest_route=\/wp\/v2\/types\/page"}],"author":[{"embeddable":true,"href":"https:\/\/ciqriveneuve.fr\/index.php?rest_route=\/wp\/v2\/users\/1"}],"replies":[{"embeddable":true,"href":"https:\/\/ciqriveneuve.fr\/index.php?rest_route=%2Fwp%2Fv2%2Fcomments&post=149"}],"version-history":[{"count":7,"href":"https:\/\/ciqriveneuve.fr\/index.php?rest_route=\/wp\/v2\/pages\/149\/revisions"}],"predecessor-version":[{"id":382,"href":"https:\/\/ciqriveneuve.fr\/index.php?rest_route=\/wp\/v2\/pages\/149\/revisions\/382"}],"wp:attachment":[{"href":"https:\/\/ciqriveneuve.fr\/index.php?rest_route=%2Fwp%2Fv2%2Fmedia&parent=149"}],"curies":[{"name":"wp","href":"https:\/\/api.w.org\/{rel}","templated":true}]}}